5
(4 + -58 - -9) + 23
-22
What is 3 - 32 - (114 + -132)?
-11
What is 0 + (2 - 2) + -13 + (11 - 6)?
-8
What is 20 + -46 + (16 - 4)?
-14
Evaluate -1 + 9 + (-6 - -10 - 4 - -9).
17
What is the value of 97 + -100 + 11 + 1 - -3?
12
(2 - 14) + 11 + (24 - 36)
-13
Evaluate -2 + 1 + 0 + (3608 - 3605).
2
What is -1 + 11 + (24 - (18 + -2))?
18
Calculate 0 - 13 - -7 - (10 - 4 - 1).
-11
Calculate 8 + (-9 - -11 - (0 + 0 + 5)).
5
Evaluate -5 + -1 + -2 - (4 - 18 - -1).
5
What is the value of 10 + -1 + (1 - (-2 + 0))?
12
What is the value of 10 - 0 - 13 - (-15 + 3) - -15?
24
-1 - 4 - (11 + (-6 - (-5 + 29)))
14
11 + -6 - (10 - (-11 + 33))
17
Evaluate -15 + (11 - 7) + -1.
-12
Calculate -24 + 35 + -6 + (-19 - -5) - 10.
-19
-81 - -42 - (3 - 37)
-5
Evaluate 618 + -583 - (-1 - -16).
20
Calculate 7 + -1 + -10 + -4 + 1 + 14.
7
What is the value of -6 + -20 + 5 + 6 + 1?
-14
Calculate (-3 - -2 - -1) + (-16 - -18) + -12.
-10
What is the value of -4 - -4 - -2 - (8 + (5 - 2))?
-9
Calculate -6 + (-12 - -10 - -21 - -2).
15
Evaluate (11 - 9) + -3 + (-13 - 1) - -6.
-9
Evaluate 1 - ((-4 - -1) + (11 - -23)).
-30
Calculate 0 + -5 - (-2 + -8) - 15.
-10
What is -65 + 59 + -1 - (1 - (1 + -6))?
-13
What is the value of (-19 - 1) + (87 - 74)?
-7
What is 31 - (48 + 11 + -39)?
11
-9 - -9 - ((0 - 4) + 0) - -4
8
Evaluate -3 - (1 + -8) - (-73 - -76).
1
Calculate (-19 - -3) + -18 - -23.
-11
What is the value of 9 + (-28 - 2) + (-1 - -7)?
-15
3 + 1 + (6 - 13) + 4 - -3
4
Evaluate -16 + (17 - 14) - (2 + 5 - 2).
-18
What is the value of 1 + 42 + -32 + (3 - (1 - 17))?
30
Calculate -10 + -15 + 35 - -12.
22
What is the value of (2 - 2) + -5 + (9 + -7 - 12)?
-15
Evaluate 39 + (7 + -36 - -31).
41
What is the value of (-11 - (-2 - -2)) + (-859 - -877)?
7
-11 + 1 + (18 - 18)
-10
3 + -1 + 2 - (-6 + -7 + 6)
11
Calculate (-7 - (-12 - (-1 + 1))) + (-14 - -7).
-2
What is -4 + 4 - 4 - -39 - (45 - 40)?
30
What is (26 - (26 + 2)) + 14?
12
What is the value of (386 - 404) + 1 + 16 + -9?
-10
Evaluate (-4 - (-3 + 5)) + -12 + 17 - 1.
-2
What is the value of 11 - -4 - (29 + (-20 - -5))?
1
Calculate 8 + (-5 - -13 - 7) + -4.
5
Evaluate 23 - (-25 + 61) - 16.
-29
Evaluate 7 - 2 - ((-13 - 0) + 0).
18
Calculate -6 + -1 + -2 + -11 - -9.
-11
(-20 - -32) + (1 - 19)
-6
Evaluate 1 + -21 + -76 + 89.
-7
What is 6 + (-1 - (-4 - (-9 - -1)))?
1
Calculate (-1 - 8) + (-28 - (24 + (-45 - 8))).
-8
Evaluate 1 + (-1 - -2 - 9 - -10).
3
What is (31 - 1 - 6) + -9?
15
What is (-3 - 7) + 0 + -7 + 7?
-10
What is the value of 168 + -151 - (-5 + 3 + -11 + 4)?
26
What is -1 + 0 - (5 + (-5 - (-5 - -6)))?
0
(40 - 64) + (8 - -8)
-8
Calculate (-7 - 4) + 14 - (3 + -6 - -9).
-3
Calculate 6 + (12 + -21 + -7 - -20).
10
What is (-21 - -11 - 3) + 1 + -2 + 6?
-8
5 + (10 - -17) - 31
1
Evaluate 1 + (1 - 0) - (-161 + 78 + 80).
5
-24 - -21 - (0 + 0 + -5)
2
What is 2 + (-2 - -3) + -20?
-17
Evaluate 9 - (-9 + 19) - -14 - 5.
8
Calculate -6 - (17 - (14 + 1)).
-8
Calculate 0 - 42 - -62 - (14 - 0).
6
Calculate -9 + 5 + -18 + 11 - 7.
-18
What is the value of -6 + 12 - (-16 + 5 - -2)?
15
What is the value of -115 + 125 + (-11 - -1)?
0
-2 - 0 - -11 - (-51 + 80)
-20
Evaluate 10 + -1 + 20 + -4 + (-23 - -10).
12
Calculate (2 - -16) + -7 + -16.
-5
11 - 17 - (-11 - 0 - (-6 - -7))
6
What is 13 + -16 + -2 - (-5 + (0 - -2))?
-2
What is the value of 4 - (11 - (13 + 5))?
11
-85 + 54 - (0 + -22)
-9
What is (-19 - (-18 - (17 + -22))) + -2?
-8
33 - ((-9 - -13) + (7 - (-2 + 7)))
27
Evaluate -2 - (-12 + 6 - -11).
-7
What is -9 - ((4 - (8 - -4)) + (15 - -3))?
-19
Calculate -36 + 28 + 23 - (6 - -2).
7
Calculate -2 - -8 - (-5 - (1 + 0)).
12
19 - ((10 - -6) + 1)
2
What is the value of -14 - -10 - 18 - (-16 + 9)?
-15
What is -8 - -9 - -8 - 7?
2
What is (82 - 60) + 1 + -10?
13
(11 - 18) + -10 - -6
-11
Calculate -12 + -1 + (3 - -9) + -10.
-11
What is the value of 13 + -2 - (30 - (19 + 12))?
12
Evaluate (-1 - (-14 - (-1 - (-10 + 13)))) + -3.
6
What is -3 - 17 - 1 - (49 - 58)?
-12
Evaluate (16 - 2 - (50 - 42)) + 14.
20
Calculate 2 - 6 - (-17 + -1 + -7 + 16).
5
Calculate 2 - (-4 + -6 + 12).
0
2 - (-5 - (-42 + 12))
-23
Evaluate 50 + -127 + 110 - (-3 + 1).
35
What is the value of 0 + 10 + (-54 - -56)?
12
12 - -4 - (8 + (-15 - (1 + -8)))
16
What is the value of 4 - (15 - 9 - (18 + -3 - 1))?
12
-21 - (-5 + 11 - 23)
-4
What is the value of 8 + 7 + -6 + -6 + -1?
2
What is the value of -5 + 3 + (-8 - -15 - 15) + 2?
-8
Evaluate -4 + -1 + 11 - (-6 + 3 + -3).
12
What is the value of (-15 - (-1 + 0)) + (-17 - (5 - 28))?
-8
Evaluate (-11 - -8 - -14) + -10 + 2.
3
What is (5 - (-32 + 21)) + 2?
18
Evaluate (3 - (-2 - (-10 + 4))) + (-6 - -3).
-4
What is the value of -1148 - -1112 - (1 + -12)?
-25
What is (-2 - 7 - -11) + (-2 - 4)?
-4
Calculate (54 - 27) + (-3 - 15).
9
Evaluate -6 + 0 - (-34 - (30 - 72)).
-14
(0 - -7 - -3) + 2
12
What is -11 + -6 + (2 - (17 - 11)) - -2?
-19
(-7 + -2 - -18) + 6 + -1
14
Evaluate 7 - ((-27 - -66) + -6).
-26
Evaluate (-5 - ((-12 - -6) + 1)) + (2 - -4).
6
(-35 - (-18 + 8 - 0)) + 9
-16
What is the value of 25 + -9 + (-7 - -5) + (0 - 9)?
5
What is the value of 46 + -52 - (-2 + 3 + 3) - -24?
14
What is -6 + 3 + 1 + 6 + -4?
0
Evaluate 6 + -9 + 5 + (-24 - -12) + 10.
0
What is -18 + -6 + 42 - 32?
-14
What is 10 + (-11 - 18) - -8?
-11
Evaluate -10 + 5 + -5 + (6 - 1 - 1).
-6
What is the value of 495 + -524 + (13 - 1)?
-17
Calculate -7 - (-25 - (-13 + 5)) - (-11 - 0).
21
Evaluate (-12 - 1) + (2 - (-1 + 6)).
-16
Evaluate (-7 - (-7 + -1)) + 5 + -11.
-5
(-23 - -33 - (24 + 3)) + 7
-10
-10 + -1 + (59 - (31 + 5 + -12))
24
Evaluate -28 + (41 - 19) - (-8 - (-3 + 2)).
1
What is the value of -196 + 198 + (1 + -2 - -1)?
2
24 - -1 - (-14 + (12 - -15))
12
What is (-17 - -7) + (6 - (9 - -17) - -10)?
-20
Evaluate 1 + (27 - 12) - 40.
-24
What is 5 + 13 + -5 + (-1 - -8)?
20
What is the value of -6 - ((0 - 5) + (-70 - -75))?
-6
7 - ((11 + -6 - 2) + -2)
6
What is the value of -5 + (-1 + 14 - -11 - 9) + -10?
0
Calculate -6 - (-7 + 1 + 19 + 13).
-32
58 - 61 - (-3 - (-2 + 1))
-1
What is 37 + -27 + -11 + 13 + 0?
12
What is the value of -2 + -9 - (6 - (72 - 32))?
23
What is -8 - -1 - -13 - -11?
17
Evaluate -14 + (43 - (1 - -4)) + 9.
33
Evaluate 12 + 2 + -26 + 9 + (-1 - -16).
12
What is 15 + (-2 + -7 - -5) + (0 - 1)?
10
461 - 461 - (-2 - -16)
-14
Calculate 0 + 1 + (55 - (28 - -18)).
10
-6 + (11 - (27 + 2) - -12)
-12
What is the value of -2 + -10 + 0 + 39 + -4?
23
Evaluate -6 + (4 - 5) - (0 + -8).
1
Calculate ((5 - -2) + -10 - -4) + 5.
6
What is the value of -20 + (-40 + 7 - -54)?
1
What is the value of 32 + -10 + (21 - 8) + -27?
8
Calculate -2 + -1 + (13 - 4) + -1.
5
What is (59 + -58 - (-12 + 1)) + 3?
15
Evaluate (-9 + 19 - -5) + 7 + -13.
9
What is 17 - 7 - 14 - -12?
8
3 + -2 + 2 + 1 - (168 - 171)
7
What is the value of -22 + 45 - 26 - -12?
9
Evaluate -18 - (-1 + -6) - (-24 - (-22 - -9)).
0
What is the value of 10 + -3 - (-30 + 28)?
9
(0 - 6) + (388 - 401)
-19
What is the value of 18 + (22 + -40 - 23)?
-23
Calculate (35 - 44 - (1 + 4)) + 4.
-10
What is -8 + (-8 + 24 - 1) + -12 + -6?
-11
(9 - (-33 - -13)) + -16
13
What is 18 + 18 + -8 + 2?
30
-1 - (15 + -15) - (-1 + (-2 - 24))
26
Evaluate -9 - 15 - (6 - (12 - (8 - 4))).
-22
Calculate 0 + 1 + 1 + (-52 + -29 - -57).
-22
Evaluate 18 + (10 - 17 - 19).
-8
-4 - (-20 + 27 + -1 + -10) - 4
-4
Calculate 3 + -1 - (13 - ((-8 - -11) + 10)).
2
What is ((-2 - 5) + -2 - -8) + -12 + -2?
-15
What is -10 - (20 - 17) - -3?
-10
((12 - 32) + 14 - (-6 + 0)) + -8
-8
0 + (0 - (-6 + -2)) + -16 + 4
-4
Evaluate 1 + -14 - (-19 - (-22 + (6 - -4))).
-6
What is (3 + -8 - -9) + 10 - 8?
6
5 + (-18 + 22 - (8 + -10))
11
What is 6 - (11 - -7) - -11?
-1
What is -6 + 11 + -3 - (-4 - (-5 - 2))?
-1
Evaluate -13 - (-39 - -79 - 59).
6
17 + -18 + (-2 + 1 - -6)
4
Calculate -17 + (-12 - -48) - 18.
1
What is the value of (2 + -12 + 8 - 10) + 6?
-6
Calculate 4 + 1 + 10 + (-6 - 4).
5
Evaluate 11 - (25 + -38 - -35).
-11
-6 + 21 + (13 + -11 - (-1 - -3))
15
What is the value of -18 - (-14 - 10 - -15)?
-9
What is (-32 - 3) + 159 + -136?
-12
-9 - (-4 + 22 + -22)
-5
Evaluate -10 - (3 + -9 - -4).
-8
What is the value of -17 + (19 + -13 - -3)?
-8
Calculate (-33 - -11) + 11 + 8.
-3
What is the value of 6 + (0 - -4) + (-106 - -96)?
0
Evaluate -15 + (15 - 6) + (-16 - -39).
17
(-70 - (67 + -110)) + -1 + (1 - -12)
-15
(-